{"id":883,"date":"2019-05-25T08:49:21","date_gmt":"2019-05-25T06:49:21","guid":{"rendered":"https:\/\/www.cheminsfaisant.org\/site\/?page_id=883"},"modified":"2022-10-30T13:13:58","modified_gmt":"2022-10-30T12:13:58","slug":"traductions","status":"publish","type":"page","link":"https:\/\/www.cheminsfaisant.org\/site\/traductions\/","title":{"rendered":"Traductions"},"content":{"rendered":"\n<p>TRADUCTIONS DU GREC ANCIEN<\/p>\n\n\n\n<p><strong><a href=\"https:\/\/www.cheminsfaisant.org\/site\/2022\/10\/30\/decouverte-du-monde-antique\/\" target=\"_blank\" rel=\"noreferrer noopener\">D\u00e9couverte du monde antique<\/a>.<\/strong>&nbsp;Traduction, pr\u00e9sentation et commentaire des quatre premi\u00e8res Enqu\u00eates d&rsquo;H\u00e9rodote d&rsquo;Halicarnasse suivies des R\u00e9cifs indiens de Ct\u00e9sias de Cnide, du P\u00e9riple d&rsquo;Hannon et du P\u00e9riple de N\u00e9arque en mer Erythr\u00e9e. (Club des Libraires de France, 1957.) <br>Ce livre eut deux r\u00e9\u00e9ditions : en 1968 aux \u00e9ditions Arthaud sous le titre <em><strong>H\u00e9rodote et la d\u00e9couverte de la terre<\/strong><\/em>, en 1981 sous le litre <strong><em>En cheminant avec H\u00e9rodote<\/em><\/strong>, avec une introduction et des commentaires remani\u00e9s aux \u00e9ditions Seghers, collection \u00ab Etonnants voyageurs \u00bb, 1981. C&rsquo;est sous ce dernier titre qu&rsquo;il a \u00e9t\u00e9 r\u00e9imprim\u00e9 aux \u00e9ditions NIL, en 2003 et en \u00e9dition en Livre de Poche\/Pluriel en 1986, 1998 et 2002.<\/p>\n\n\n\n<p><strong><a href=\"https:\/\/www.cheminsfaisant.org\/site\/2022\/10\/30\/la-vie-legendaire-dalexandre-le-grand\/\" target=\"_blank\" rel=\"noreferrer noopener\">La Vie l\u00e9gendaire d&rsquo;Alexandre le Grand.<\/a><\/strong>\u00a0Traduction in\u00e9dite de L&rsquo;Histoire d&rsquo;Alexandre le Mac\u00e9donien, la vie, les guerres et la mort dudit, manuscrit grec du XIe si\u00e8cle, suivi d&rsquo;un essai sur l&rsquo;imagination populaire. (Club des Libraires de France, 1962). Ce texte a \u00e9t\u00e9 repris aux \u00e9ditions du F\u00e9lin en 1993, illustr\u00e9 de miniatures fran\u00e7aises du XVe si\u00e8cle, sous le titre Le Conqu\u00e9rant de l&rsquo;absolu. Une \u00e9dition de poche a paru chez Folio\/Gallimard en 2002, sous le titre <a rel=\"noreferrer noopener\" href=\"https:\/\/www.cheminsfaisant.org\/site\/2006\/07\/07\/la-legende-dalexandre\/\" target=\"_blank\"><strong>La L\u00e9gende d&rsquo;Alexandre le Grand<\/strong><\/a>.<\/p>\n\n\n\n<p><a href=\"https:\/\/www.cheminsfaisant.org\/site\/2006\/07\/07\/les-fables-desope\/\" target=\"_blank\" rel=\"noreferrer noopener\"><strong>Les Fables d&rsquo;Esope<\/strong><\/a><strong>.<\/strong>&nbsp;Fables. Traduction et pr\u00e9sentation des 308 fables attribu\u00e9es \u00e0 Esope suivies d&rsquo;un essai sur le symbolisme des fables antiques (Club des Libraires de France, 1965. Nelle \u00e9d. dans la collection de poche \u00ab Espaces libres \u00bb, Albin Michel, 2003).<\/p>\n\n\n\n<p><strong>Promenades dans la Gr\u00e8ce antique.<\/strong>&nbsp;Traduction, pr\u00e9sentation et commentaires de la P\u00e9ri\u00e9g\u00e8se de Pausanias comprenant les textes relatifs \u00e0 l&rsquo;Attique, l&rsquo;Argolide, l&rsquo;Arcadie, l&rsquo;Elide, la B\u00e9otie, la Phocide (1e \u00e9d. : Andr\u00e9 Balland, 1967. 2e \u00e9d. : Hachette, collection \u00ab Les Guides Bleus \u00bb, 1978,1990). Epuis\u00e9.<\/p>\n\n\n\n<p><strong>Sophocle. Trag\u00e9dies.<\/strong>&nbsp;Traduction int\u00e9grale et pr\u00e9sentation de l&rsquo;\u0153uvre dramatique de Sophocle (Union latine d&rsquo;\u00e9dition, 1973. Philippe Lebaud, 1982, Oxus 2008).<\/p>\n\n\n\n<p><strong>Orph\u00e9e. Hymnes et discours sacr\u00e9s.<\/strong>&nbsp;Traduction et pr\u00e9sentations des 87 hymnes attribu\u00e9s \u00e0 Orph\u00e9e. Edition bilingue franco-grecque (Imprimerie Nationale, 1995).<\/p>\n\n\n\n<p><em><strong>L&rsquo;\u00c9gypte au pays d&rsquo;H\u00e9rodote<\/strong><\/em>, Traduction et commentaire du voyage d&rsquo;H\u00e9rodote en Egypte Album, richement illustr\u00e9 de documents anciens et de photographies modernes, Paris, Ramsay, 1995<\/p>\n\n\n\n<p>TRADUCTION DU GREC MODERNE<\/p>\n\n\n\n<p><strong><a href=\"https:\/\/www.cheminsfaisant.org\/site\/2021\/08\/07\/le-cretois\/\" target=\"_blank\" rel=\"noreferrer noopener\">Le Cr\u00e9toi<\/a><a rel=\"noreferrer noopener\" href=\"https:\/\/www.cheminsfaisant.org\/site\/2021\/08\/07\/le-cretois\/(ouvre un nouvel onglet)\" target=\"_blank\">s<\/a><\/strong>&nbsp;de Pand\u00e9lis Pr\u00e9v\u00e9lakis (1ere \u00e9d. : Club Bibliophile de France, 1957. 2e \u00e9d. : Gallimard, 1962. R\u00e9impression : 1980).<\/p>\n\n\n\n<p><strong>La Chronique d&rsquo;une cit\u00e9<\/strong>&nbsp;de Pand\u00e9lis Pr\u00e9v\u00e9lakis. (Gallimard, 1960. R\u00e9impression : 1980).<\/p>\n\n\n\n<p><strong><a href=\"https:\/\/www.cheminsfaisant.org\/site\/2020\/04\/16\/la-cite-ivre\/\" target=\"_blank\" rel=\"noreferrer noopener\">La Cit\u00e9 ivre<\/a><\/strong>&nbsp;de Sotiris Patatzis (Casterman, 1963).<\/p>\n\n\n\n<p><strong>Po\u00e8mes de Georges Sef\u00e9ris<\/strong>&nbsp;traduits par Jacques Lacarri\u00e8re et Eg\u00e9rie Mavraki avec une pr\u00e9face d&rsquo;Yves Bonnefoy (Mercure de France, 1963. Nelle \u00e9d., 1986).<\/p>\n\n\n\n<p><strong>Au-del\u00e0 de l&rsquo;humain<\/strong>&nbsp;de Nikos Athanassiad\u00e8s (Albin Michel, 1965).<\/p>\n\n\n\n<p><strong><a href=\"http:\/\/Le soleil de la mort de Pandelis Prevelakis, traduction du grec et postface de Jacques Lacarri\u00e8re, Editions Autrement, 1997, Collection Du monde entier, Gallimard, 1966.\">Le Soleil de la <\/a><a href=\"https:\/\/www.cheminsfaisant.org\/site\/2020\/03\/28\/le-soleil-de-la-mort\/\" target=\"_blank\" rel=\"noreferrer noopener\" aria-label=\"mort (s\u2019ouvre dans un nouvel onglet)\">mort<\/a><\/strong>&nbsp;de Pand\u00e9lis Pr\u00e9v\u00e9lakis (Gallimard, 1965).<\/p>\n\n\n\n<p><strong><a href=\"https:\/\/www.cheminsfaisant.org\/site\/2006\/08\/12\/le-troisieme-anneau\/\">Le Troisi\u00e8me&nbsp;Anneau<\/a><\/strong> de Costas Taktsis (Gallimard, 1967. Nelle \u00e9d. collection \u00ab Folio \u00bb avec une pr\u00e9face du traducteur, Gallimard, 1981).<\/p>\n\n\n\n<p><strong>Les Photographies<\/strong>&nbsp;de Vassili Vassilikos (Gallimard, 1969. Nelle \u00e9d. collection \u00ab Folio \u00bb, Gallimard, 1985).<\/p>\n\n\n\n<p><strong>L&rsquo;Epid\u00e9mie<\/strong>&nbsp;d&rsquo;Andr\u00e9as Frangias avec une pr\u00e9face du traducteur (Gallimard, 1978).<\/p>\n\n\n\n<p><strong><a href=\"https:\/\/www.cheminsfaisant.org\/site\/2020\/02\/25\/grecite\/\">Gr\u00e9cit\u00e9<\/a>&nbsp;<\/strong>de Yannis Ritsos (Fata Morgana, 1968. R\u00e9impressions : 1971 et 1976).<\/p>\n\n\n\n<p><strong>Les Clepsydres de l&rsquo;inconnu,<\/strong>&nbsp;d&rsquo;Odyss\u00e9a Elytis (Fata Morgana, 1980).<\/p>\n\n\n\n<p><a href=\"https:\/\/www.cheminsfaisant.org\/site\/2022\/08\/17\/la-grece-de-lombre-2\/\" target=\"_blank\" rel=\"noreferrer noopener\"><strong>La Gr\u00e8ce de l&rsquo;Ombre<\/strong><\/a>, traduction de Jacques Lacarri\u00e8re et&nbsp;<a href=\"https:\/\/fr.wikipedia.org\/wiki\/Michel_Volkovitch\">Michel Volkovitch<\/a>,&nbsp;\u00c9ditions Christian Pirot, 1999, \u00c9ditions Le Miel des anges&nbsp;2014<\/p>\n\n\n\n<p>TRADUCTION DE L&rsquo;ANCIEN FRAN\u00c7AIS<\/p>\n\n\n\n<p><a href=\"https:\/\/www.cheminsfaisant.org\/site\/2022\/08\/17\/les-evangiles-des-quenouilles\/\" target=\"_blank\" rel=\"noreferrer noopener\"><strong>Les \u00c9vangiles des Quenouilles<\/strong><\/a>, 1987, \u00c9d. Imago 1987, Albin Michel, collection \u00ab&nbsp;Espaces libres&nbsp;\u00bb, 1999.<\/p>\n\n\n\n<p><\/p>\n","protected":false},"excerpt":{"rendered":"<p>TRADUCTIONS DU GREC ANCIEN D\u00e9couverte du monde antique.&nbsp;Traduction, pr\u00e9sentation et commentaire des quatre premi\u00e8res Enqu\u00eates d&rsquo;H\u00e9rodote d&rsquo;Halicarnasse suivies des R\u00e9cifs indiens de Ct\u00e9sias de Cnide, du P\u00e9riple d&rsquo;Hannon et du P\u00e9riple de N\u00e9arque en mer Erythr\u00e9e. (Club des Libraires de France, 1957.) Ce livre eut deux r\u00e9\u00e9ditions : en 1968 aux \u00e9ditions Arthaud sous le &hellip; <\/p>\n<p class=\"link-more\"><a href=\"https:\/\/www.cheminsfaisant.org\/site\/traductions\/\" class=\"more-link\">Continuer la lecture<span class=\"screen-reader-text\"> de &laquo;&nbsp;Traductions&nbsp;&raquo;<\/span><\/a><\/p>\n","protected":false},"author":1,"featured_media":0,"parent":0,"menu_order":0,"comment_status":"closed","ping_status":"closed","template":"","meta":{"footnotes":""},"class_list":["post-883","page","type-page","status-publish","hentry"],"_links":{"self":[{"href":"https:\/\/www.cheminsfaisant.org\/site\/wp-json\/wp\/v2\/pages\/883","targetHints":{"allow":["GET"]}}],"collection":[{"href":"https:\/\/www.cheminsfaisant.org\/site\/wp-json\/wp\/v2\/pages"}],"about":[{"href":"https:\/\/www.cheminsfaisant.org\/site\/wp-json\/wp\/v2\/types\/page"}],"author":[{"embeddable":true,"href":"https:\/\/www.cheminsfaisant.org\/site\/wp-json\/wp\/v2\/users\/1"}],"replies":[{"embeddable":true,"href":"https:\/\/www.cheminsfaisant.org\/site\/wp-json\/wp\/v2\/comments?post=883"}],"version-history":[{"count":19,"href":"https:\/\/www.cheminsfaisant.org\/site\/wp-json\/wp\/v2\/pages\/883\/revisions"}],"predecessor-version":[{"id":2858,"href":"https:\/\/www.cheminsfaisant.org\/site\/wp-json\/wp\/v2\/pages\/883\/revisions\/2858"}],"wp:attachment":[{"href":"https:\/\/www.cheminsfaisant.org\/site\/wp-json\/wp\/v2\/media?parent=883"}],"curies":[{"name":"wp","href":"https:\/\/api.w.org\/{rel}","templated":true}]}}