{"id":1196,"date":"2019-05-27T23:14:12","date_gmt":"2019-05-27T21:14:12","guid":{"rendered":"https:\/\/www.cheminsfaisant.org\/site\/?page_id=1196"},"modified":"2019-05-28T07:38:27","modified_gmt":"2019-05-28T05:38:27","slug":"propositions","status":"publish","type":"page","link":"https:\/\/www.cheminsfaisant.org\/site\/propositions\/","title":{"rendered":"Propositions"},"content":{"rendered":"\n<h4 class=\"wp-block-heading\">L\u2019Association Chemins faisant propose des lectures-spectacles autour de l\u2019oeuvre de Jacques Lacarri\u00e8re, en coop\u00e9ration avec des compagnons com\u00e9diens et musiciens :<\/h4>\n\n\n\n<ul class=\"wp-block-list\"><li>R\u00eaver au Jardin avec Jacques Lacarri\u00e8re<\/li><li>Promenade en Gr\u00e8ce avec Jacques Lacarri\u00e8re<\/li><li>Les sept coqs de l\u2019aube<\/li><li>Sur les chemins d\u2019Anatolie<\/li><li>Les Oiseaux de Fra Angelico<\/li><li>Le R\u00e9citant du vent<\/li><\/ul>\n\n\n\n<div class=\"wp-block-file\"><a href=\"https:\/\/www.cheminsfaisant.org\/site\/wp-content\/uploads\/2019\/05\/CF-Propositions-2019.pdf\">Les propositions de Chemins faisant<\/a><a href=\"https:\/\/www.cheminsfaisant.org\/site\/wp-content\/uploads\/2019\/05\/CF-Propositions-2019.pdf\" class=\"wp-block-file__button\" download>T\u00e9l\u00e9charger<\/a><\/div>\n","protected":false},"excerpt":{"rendered":"<p>L\u2019Association Chemins faisant propose des lectures-spectacles autour de l\u2019oeuvre de Jacques Lacarri\u00e8re, en coop\u00e9ration avec des compagnons com\u00e9diens et musiciens : R\u00eaver au Jardin avec Jacques Lacarri\u00e8re Promenade en Gr\u00e8ce avec Jacques Lacarri\u00e8re Les sept coqs de l\u2019aube Sur les chemins d\u2019Anatolie Les Oiseaux de Fra Angelico Le R\u00e9citant du vent<\/p>\n","protected":false},"author":1,"featured_media":0,"parent":0,"menu_order":0,"comment_status":"closed","ping_status":"closed","template":"","meta":{"footnotes":""},"class_list":["post-1196","page","type-page","status-publish","hentry"],"_links":{"self":[{"href":"https:\/\/www.cheminsfaisant.org\/site\/wp-json\/wp\/v2\/pages\/1196","targetHints":{"allow":["GET"]}}],"collection":[{"href":"https:\/\/www.cheminsfaisant.org\/site\/wp-json\/wp\/v2\/pages"}],"about":[{"href":"https:\/\/www.cheminsfaisant.org\/site\/wp-json\/wp\/v2\/types\/page"}],"author":[{"embeddable":true,"href":"https:\/\/www.cheminsfaisant.org\/site\/wp-json\/wp\/v2\/users\/1"}],"replies":[{"embeddable":true,"href":"https:\/\/www.cheminsfaisant.org\/site\/wp-json\/wp\/v2\/comments?post=1196"}],"version-history":[{"count":2,"href":"https:\/\/www.cheminsfaisant.org\/site\/wp-json\/wp\/v2\/pages\/1196\/revisions"}],"predecessor-version":[{"id":1199,"href":"https:\/\/www.cheminsfaisant.org\/site\/wp-json\/wp\/v2\/pages\/1196\/revisions\/1199"}],"wp:attachment":[{"href":"https:\/\/www.cheminsfaisant.org\/site\/wp-json\/wp\/v2\/media?parent=1196"}],"curies":[{"name":"wp","href":"https:\/\/api.w.org\/{rel}","templated":true}]}}